le of 14?
True
Let y = -28 - -31. Is y a multiple of 3?
True
Let j(s) be the second derivative of s**4/6 + s**3/2 - 3*s**2 - 2*s. Is 13 a factor of j(-6)?
False
Let m = 11 - -2. Does 5 divide m?
False
Let m(c) = 3*c**2 + 8*c + 20. Is m(-6) a multiple of 17?
False
Let i = -7 + -2. Suppose -2*a + x - 1 = 0, -4*x + 24 = 2*a - 0*x. Let o = a - i. Is o a multiple of 11?
True
Let j(o) = 5*o**2 - 2*o - 3. Let n(v) = -v**2 + v + 1. Let w(s) = j(s) + 4*n(s). Let y be w(-4). Let r = y - -3. Is r a multiple of 12?
True
Let c(x) = -6*x + 7*x + 10 - 2 + 3. Let i be c(-9). Is 18 a factor of (70 - 2 - 1) + i?
False
Let d = 17 - 10. Suppose r + 0*r = d. Is 3 a factor of r?
False
Is (2 - 5)*(-20)/12 even?
False
Let u = 134 + -64. Is u a multiple of 31?
False
Suppose 2*g - 78 = a, 2*g - 4*a - 112 = -g. Is g a multiple of 9?
False
Suppose 0 = 2*v - 0*v - 132. Is v a multiple of 11?
True
Let z(w) = w**3 - 12*w**2 - 12*w - 7. Let k = -3 + 16. Is z(k) a multiple of 3?
True
Suppose 0*z + z + 19 = -3*p, p = z + 19. Let v = z + 74. Suppose v = 2*u - 13. Is 17 a factor of u?
True
Let q(m) = m**3 - 6*m**2 - 6*m - 3. Let y be q(7). Suppose 97 = t - y*t - k, -16 = 4*k. Let n = 48 + t. Is n a multiple of 17?
True
Suppose c = -0*c. Suppose c = 4*w + 3*k - 20, 0 = -w + 3*k - 0 + 5. Suppose -w*v - 60 = -7*v. Is v a multiple of 18?
False
Let w = 19 + -7. Is w a multiple of 9?
False
Let u(o) be the third derivative of 3*o**4/8 - 5*o**3/6 - 4*o**2. Is 20 a factor of u(5)?
True
Let b = 36 + 85. Suppose 5*r - b = 109. Is 23 a factor of r?
True
Let v = 134 - 5. Suppose 4*o - 27 = v. Is o a multiple of 18?
False
Let f = 18 - 30. Let t be (-3)/f - 17/4. Let c = 3 - t. Is 7 a factor of c?
True
Let j = 0 - -13. Is 13 a factor of j?
True
Let s = -207 + 378. Is 33 a factor of s?
False
Let b = 284 - 94. Does 5 divide b?
True
Let n = -6 + 10. Suppose -n*i = 4*r + 236, -5*i + 2*r - r = 319. Is (3 - i)/(2/1) a multiple of 11?
True
Let y(v) = v**2 - 5*v + 2. Let a be y(5). Suppose a*t = -4*p - 0*p + 24, 3*t + 27 = 3*p. Does 7 divide p?
True
Suppose 2*x = 156 + 12. Suppose -2*n = n - x. Does 14 divide n?
True
Let k(i) = i**3 - 2*i**2 - i + 1. Let r be k(2). Does 16 divide 66/10*(4 - r)?
False
Let o = -7 - -13. Suppose o*r = 5*r + 12. Is 6 a factor of r?
True
Let p(b) = 12*b - 25. Let a(y) = 3*y - 6. Let c(z) = 26*a(z) - 6*p(z). Does 9 divide c(4)?
True
Let n(h) = -h**3 - 11*h**2 - 9*h + 9. Let i be n(-10). Does 11 divide (i - -4)*(4 + 1)?
False
Suppose 0 = 2*d - 84 - 36. Is 20 a factor of d?
True
Let o be (-6 + 2)/(-1 + 0). Suppose 0 = -f + 3*f + 5*i - 125, 0 = -5*f - 5*i + 290. Suppose o*g + g = f. Is 5 a factor of g?
False
Let y(m) = 5*m + 7. Let f be y(7). Suppose 4*w + f = 6. Let s = 8 - w. Is s a multiple of 15?
False
Suppose -6*y = -y - 5. Let g = 35 - 16. Is 18 a factor of (y - g)/(3/(-6))?
True
Let x be 30*-1*(-4)/(-8). Let f = x - -29. Is f a multiple of 14?
True
Let g = -10 - -14. Let s be g/(-18) - 40/(-18). Is 11 a factor of ((-22)/(-5))/(s/10)?
True
Let g(z) be the third derivative of -z**6/720 + 11*z**5/120 - z**4/12 + 2*z**2. Let u(t) be the second derivative of g(t). Does 11 divide u(0)?
True
Does 5 divide (-1 + 8/3)/(1/57)?
True
Suppose -b - 32 = -4*w + 66, 2*w - 3*b - 54 = 0. Is w a multiple of 6?
True
Suppose -3*l + 88 = g, -3*g = 3*l - 0*l - 90. Suppose 151 = 3*p - l. Does 18 divide p?
False
Let d = -92 - -59. Let r be (8/6)/((-2)/d). Does 10 divide 444/22 - 4/r?
True
Suppose 0*b = 7*b - 238. Does 4 divide b?
False
Let l = -79 + 121. Does 14 divide l?
True
Let f(h) = 1. Let i(s) = -s**2 + 10*s - 9. Let n(u) = 4*f(u) + i(u). Let y = 27 - 19. Is 4 a factor of n(y)?
False
Does 10 divide 1 + 11/((-44)/(-144))?
False
Let w = -1 - 2. Let f be 1 + -1 - (w + 0). Suppose j = -f*t + 12 + 4, -3 = -t. Is j a multiple of 7?
True
Let v(q) = -q**2 + 11*q - 20. Is 2 a factor of v(8)?
True
Suppose -2*d + d + 32 = 0. Does 16 divide d?
True
Let v be (9/(-3))/1 + 2. Let k be (v*(2 + -2))/1. Suppose -3*f + 2*z + 42 = k, -2*f = -0*z - 4*z - 20. Does 16 divide f?
True
Suppose 4*p + u - 11 = 0, -5*u - 12 - 5 = -4*p. Suppose -p*a + a = -32. Is a + 1 - 0/(-1) a multiple of 10?
False
Suppose 15 = -q + 5*n + 34, 2*q = 5*n + 23. Is q a multiple of 4?
True
Let b(o) = -o**3 + 7*o**2 - 7*o + 7. Let g be b(6). Let s = 13 - g. Is s a multiple of 6?
True
Let k = -171 + 316. Is k a multiple of 29?
True
Let t(o) be the third derivative of 3*o**6/40 + o**5/60 - o**3/3 + 5*o**2. Does 16 divide t(2)?
False
Let z = 5 - -8. Is z a multiple of 5?
False
Suppose -5*t - 29 = -z - 7*t, 3*z - 2*t = 127. Does 13 divide z?
True
Let x be (-19)/(-3) + (-2)/(-3). Let p = x - 17. Let y = p + 25. Is y a multiple of 11?
False
Let g(h) = 2*h**2 - 2*h - 10. Is 34 a factor of g(-7)?
True
Suppose -5*n + n = -4. Let a(z) = 5*z**2 + 1. Is a(n) a multiple of 6?
True
Let x = 17 - 5. Suppose -5*w + x = -3. Is w a multiple of 2?
False
Let d(b) = -7*b - 7. Let x(t) = -4*t - 4. Suppose -5*y - 17 = 8. Let u(g) = y*x(g) + 3*d(g). Is u(-6) a multiple of 5?
True
Let a(t) = -t**3 - 8*t**2 - 8*t + 6. Let g be a(-7). Let u = g + -7. Does 3 divide u?
True
Let n be 1/(-5) + (-8)/10. Is 19 a factor of n/(-3) - 122/(-3)?
False
Suppose -4*t + 172 - 40 = f, 3*t + 4*f - 99 = 0. Suppose 3*z - 105 = 60. Let c = z - t. Is c a multiple of 11?
True
Is (-1069)/(-9) + 10/45 a multiple of 29?
False
Suppose 3*a = 3*v + 3, 4*a + 6*v - v + 23 = 0. Let z = 0 - a. Is 8 a factor of z + (-6)/(-3)*3?
True
Let w(p) = p**2 - p + 4. Let t be w(6). Let i(g) = 4*g**2 + 2*g - 4. Let m be i(4). Let x = m - t. Is x a multiple of 17?
True
Suppose 8 = -4*k, -26 = -c - 0*c + 4*k. Suppose 0*s + c = s. Is 18 a factor of s?
True
Is ((-6)/(-4))/(5/(1600/6)) a multiple of 23?
False
Let w be 50*(0 - 4/(-4)). Let q = -2 + w. Does 15 divide q?
False
Let t(a) = -6*a + 6. Let x be t(-5). Is x - 2/((-6)/(-9)) a multiple of 15?
False
Let d = 6 - 1. Suppose -58 = -5*k + 4*t, -2*k - 5*t = -d*k + 27. Is k a multiple of 7?
True
Let q be (1 - 0)*46/2. Suppose f = q + 1. Is 14 a factor of f?
False
Let b(k) be the third derivative of -k**2 + 0*k + 0 + 1/6*k**4 - 4/3*k**3. Is b(9) a multiple of 14?
True
Let c(o) = o**2 - 9*o + 9. Let n be c(7). Let u(x) = -x**3 - 4*x**2 + 6*x + 4. Let z be u(n). Is z/1*(-13 - 3) a multiple of 8?
True
Let c(u) = u**2 - 2*u + 4. Does 6 divide c(-3)?
False
Let q be 8/(-12) + 35/3. Let u = q + -8. Suppose -9 = u*l - 24. Is 5 a factor of l?
True
Is (1 - -1) + 1 + 1 even?
True
Suppose 3*t + 112 = -0*q + 5*q, -28 = -q - 5*t. Let i = -5 + q. Does 10 divide i?
False
Suppose 2*x + 5*c + 10 - 3 = 0, x + 5 = -c. Is (x/4)/((-6)/136) a multiple of 17?
True
Let u(z) = -z**2 - 18*z - 2. Suppose 0 = 3*a - 2*a + 12. Is u(a) a multiple of 21?
False
Let j(z) = z**2 + z - 1. Let q be j(-3). Suppose -5*l = 3*w - l - 40, -3*w = -q*l - 85. Is w a multiple of 10?
True
Is 62 + 4/1 + 2 a multiple of 10?
False
Let s be (-1 - -2) + 154/14. Does 8 divide -2 - 8/s*-15?
True
Let c(h) = h**2 + 2*h - 6. Let j be c(-6). Suppose 3*b - 2*w = -w + j, 10 = 5*b + 5*w. Suppose -153 = -b*x - 3*a, 0 = 4*a - 4 - 0. Is 15 a factor of x?
True
Let d(c) = -c - 1. Let t be d(7). Let g be (-9)/(-1 - t/9). Let a = -53 + g. Is a a multiple of 15?
False
Let c = -17 + 11. Let z = c - -3. Let u = 2 - z. Is 2 a factor of u?
False
Suppose 30 + 24 = k. Let d be (-1*2)/((-4)/k). Suppose -d + 1 = -2*r + h, -55 = -5*r + 5*h. Does 15 divide r?
True
Let m = -13 + 14. Let d = m - -4. Is d even?
False
Let c = 139 + -28. Let y = c - 47. Is y a multiple of 16?
True
Suppose 0*t = 2*t - 2. Let i be (t + -1 + 0)/(-2). Let s = 13 + i. Is s a multiple of 5?
False
Let z(t) = -15*t - 2. Is z(-6) a multiple of 22?
True
Let b = -145 - -237. Is b a multiple of 15?
False
Let l(h) = h**2 + 5*h - 5. Let i(c) = -c - 1. Let f be (1/(-3))/(1/3). Let q(s) = f*l(s) + 4*i(s). Is 11 a factor of q(-5)?
False
Let w(c) = 2*c**3 + c**2 - 2*c - 1. Does 15 divide w(2)?
True
Suppose 0 = 2*b - 5*m + 5, -3*b + 4*b - m - 2 = 0. Suppose b*r - r - 52 = 0. Is r a multiple of 4?
False
Let v = -3 - -8. Suppose 3*m = 5*r + 6*m - 67, 0 = 4*r - v*m - 61. Is r a multiple of 7?
True
Let r = 3 + -12. Is 2/r - (-1084)/18 a multiple of 20?
True
Let p(r) = 7*r**2 - 27*r + 3. Let s(y) = -3*y**2 + 13*y - 2. Let u(i) = 2*p(i) + 5*s(i). Is 14 a factor of u(9)?
True
Let a(t) 